?
308
What is the remainder when 13809765 is divided by 21?
18
What is the remainder when 5141514 is divided by 27494?
136
What is the remainder when 82460 is divided by 11760?
140
What is the remainder when 31299 is divided by 10090?
1029
What is the remainder when 4616629 is divided by 907?
906
What is the remainder when 18944548 is divided by 23?
0
Calculate the remainder when 523916 is divided by 11.
8
Calculate the remainder when 302003 is divided by 334.
67
Calculate the remainder when 3065250 is divided by 613044.
30
What is the remainder when 16165260 is divided by 11481?
12
What is the remainder when 454252 is divided by 14193?
76
Calculate the remainder when 1642702 is divided by 336.
334
Calculate the remainder when 9097 is divided by 2781.
754
Calculate the remainder when 71780 is divided by 1987.
248
What is the remainder when 27789793 is divided by 2315814?
25
Calculate the remainder when 106656244 is divided by 35552067.
43
Calculate the remainder when 7910135 is divided by 117.
116
What is the remainder when 10504860 is divided by 542?
358
What is the remainder when 8940150 is divided by 100?
50
What is the remainder when 6394050 is divided by 1558?
18
Calculate the remainder when 2663872 is divided by 2982.
946
Calculate the remainder when 10240457 is divided by 1.
0
Calculate the remainder when 405548 is divided by 48.
44
Calculate the remainder when 1262333 is divided by 432.
29
What is the remainder when 345395 is divided by 129?
62
Calculate the remainder when 5838807 is divided by 1230.
1227
Calculate the remainder when 137991 is divided by 1643.
1622
What is the remainder when 77021329 is divided by 19255332?
1
What is the remainder when 2450837 is divided by 390?
77
What is the remainder when 411584 is divided by 68557?
242
What is the remainder when 29504 is divided by 2672?
112
What is the remainder when 812413 is divided by 1833?
394
Calculate the remainder when 76509 is divided by 223.
20
Calculate the remainder when 154123435 is divided by 17124826.
1
Calculate the remainder when 5096960 is divided by 9897.
5
Calculate the remainder when 4820889 is divided by 590.
589
Calculate the remainder when 205390 is divided by 527.
387
What is the remainder when 729066 is divided by 35?
16
Calculate the remainder when 6907 is divided by 1681.
183
What is the remainder when 193151573 is divided by 721?
720
What is the remainder when 110408 is divided by 673?
36
What is the remainder when 467296 is divided by 467286?
10
Calculate the remainder when 1618105103 is divided by 42.
41
What is the remainder when 9354242 is divided by 2784?
2
What is the remainder when 40284054 is divided by 3183?
6
What is the remainder when 223520 is divided by 2089?
2086
Calculate the remainder when 519324 is divided by 5251.
4726
What is the remainder when 111652 is divided by 37210?
22
Calculate the remainder when 143113 is divided by 5695.
738
What is the remainder when 157662151 is divided by 12?
7
Calculate the remainder when 205453 is divided by 3164.
2957
What is the remainder when 2531824 is divided by 632804?
608
Calculate the remainder when 10641829 is divided by 329.
324
What is the remainder when 496881 is divided by 1889?
74
Calculate the remainder when 3269844 is divided by 189.
144
What is the remainder when 628777 is divided by 1771?
72
What is the remainder when 19544446 is divided by 6514786?
88
Calculate the remainder when 4713818 is divided by 106.
104
What is the remainder when 960048 is divided by 194?
136
What is the remainder when 2169753 is divided by 5521?
0
Calculate the remainder when 4977974 is divided by 553097.
101
Calculate the remainder when 126485 is divided by 56.
37
What is the remainder when 10021105 is divided by 3215?
3165
What is the remainder when 15370064 is divided by 187438?
148
Calculate the remainder when 59091 is divided by 11799.
96
What is the remainder when 4214120 is divided by 68?
24
Calculate the remainder when 106901 is divided by 3178.
2027
Calculate the remainder when 5692 is divided by 141.
52
Calculate the remainder when 23055889 is divided by 313.
309
What is the remainder when 60297 is divided by 15022?
209
Calculate the remainder when 29127795 is divided by 850.
845
Calculate the remainder when 527407 is divided by 136.
135
What is the remainder when 499753 is divided by 38441?
20
Calculate the remainder when 87191136 is divided by 49.
46
Calculate the remainder when 42576661 is divided by 42.
1
Calculate the remainder when 52268329 is divided by 378.
1
What is the remainder when 6505569 is divided by 6?
3
Calculate the remainder when 81856 is divided by 2374.
1140
What is the remainder when 241575 is divided by 7859?
5805
What is the remainder when 42142 is divided by 1178?
912
Calculate the remainder when 79353511 is divided by 148.
55
Calculate the remainder when 2789959 is divided by 7584.
6631
What is the remainder when 3666888 is divided by 535?
533
What is the remainder when 440261 is divided by 1797?
1793
What is the remainder when 296658084 is divided by 17?
9
What is the remainder when 64534 is divided by 10753?
16
What is the remainder when 21415 is divided by 21242?
173
Calculate the remainder when 10866321 is divided by 3475.
3471
What is the remainder when 22040801 is divided by 378?
377
Calculate the remainder when 99449103 is divided by 928.
911
What is the remainder when 118462604 is divided by 108?
104
What is the remainder when 86311 is divided by 26185?
7756
What is the remainder when 31330855 is divided by 236?
203
Calculate the remainder when 5290616 is divided by 1277.
5
What is the remainder when 3911283 is divided by 433?
427
Calculate the remainder when 2548211 is divided by 54.
5
What is the remainder when 97597 is divided by 263?
24
Calculate the remainder when 192117 is divided by 47175.
3417
Calculate the remainder when 319140 is divided by 1297.
78
Calculate the remainder when 405105 is divided by 22494.
213
Calculate the remainder when 296682 is divided by 24661.
750
What is the remainder when 57868992 is divided by 3681?
3672
Calculate the remainder when 2512178 is divided by 628010.
138
Calculate the remainder when 6240451 is divided by 329.
308
Calculate the remainder when 7357402 is divided by 5.
2
Calculate the remainder when 130715151 is divided by 333.
330
Calculate the remainder when 7801129 is divided by 5395.
5354
What is the remainder when 14613 is divided by 623?
284
Calculate the remainder when 3679869 is divided by 672.
669
Calculate the remainder when 350270 is divided by 415.
10
Calculate the remainder when 31412768 is divided by 29.
26
Calculate the remainder when 137786219 is divided by 202.
201
What is the remainder when 1385919 is divided by 277164?
99
Calculate the remainder when 2099692 is divided by 69989.
22
Calculate the remainder when 19554951 is divided by 8.
7
Calculate the remainder when 3328367 is divided by 8.
7
What is the remainder when 16391658 is divided by 8195827?
4
What is the remainder when 1791 is divided by 506?
273
Calculate the remainder when 2403174 is divided by 291.
96
Calculate the remainder when 322803 is divided by 188.
7
What is the remainder when 950483 is divided by 1543?
1538
What is the remainder when 415103 is divided by 2515?
128
What is the remainder when 208960 is divided by 29?
15
Calculate the remainder when 11153 is divided by 574.
247
Calculate the remainder when 8278229 is divided by 1655642.
19
What is the remainder when 143557 is divided by 290?
7
Calculate the remainder when 6150269 is divided by 120593.
26
What is the remainder when 207650 is divided by 10?
0
Calculate the remainder when 39358618 is divided by 197782.
0
Calculate the remainder when 2145770 is divided by 327.
323
Calculate the remainder when 1239759169 is divided by 17.
16
What is the remainder when 1143305 is divided by 118?
3
What is the remainder when 5545123 is divided by 28?
3
What is the remainder when 18807244 is divided by 4138?
34
What is the remainder when 235223 is divided by 11754?
143
What is the remainder when 477209 is divided by 764?
473
Calculate the remainder when 42971 is divided by 5189.
1459
Calculate the remainder when 43164386 is divided by 1405.
1381
What is the remainder when 104684 is divided b